of 73465 and 35?
35
Calculate the highest common divisor of 354 and 834.
6
What is the highest common factor of 52206 and 2310?
462
What is the greatest common divisor of 219162 and 18?
6
What is the highest common factor of 224 and 16900?
4
Calculate the highest common factor of 1302 and 54.
6
What is the greatest common divisor of 271980 and 1440?
180
Calculate the highest common divisor of 3278 and 341.
11
Calculate the highest common factor of 16653 and 16107.
273
What is the greatest common divisor of 85 and 2757655?
85
What is the greatest common factor of 378 and 1441062?
126
What is the greatest common factor of 148482 and 90?
18
Calculate the greatest common factor of 2032 and 154178.
254
Calculate the greatest common factor of 66 and 525525.
33
What is the highest common factor of 5936112 and 7280?
1456
What is the highest common factor of 5229 and 2751?
21
What is the highest common factor of 5936 and 10759?
371
Calculate the greatest common divisor of 850240 and 280.
40
Calculate the greatest common divisor of 38857 and 147.
49
Calculate the greatest common factor of 1441 and 76747.
11
What is the highest common divisor of 446 and 7353202?
446
What is the greatest common divisor of 130 and 286?
26
Calculate the greatest common divisor of 66 and 220077.
33
Calculate the highest common factor of 781908 and 24.
12
Calculate the greatest common divisor of 1576550 and 4.
2
What is the greatest common divisor of 339133 and 17?
17
Calculate the highest common divisor of 7003 and 10281.
149
Calculate the highest common divisor of 3854 and 7462.
82
What is the greatest common factor of 104 and 272506?
26
What is the greatest common divisor of 306 and 44608?
34
Calculate the greatest common divisor of 3666008 and 344.
344
What is the greatest common factor of 212576 and 16?
16
Calculate the highest common factor of 9170 and 2660.
70
Calculate the greatest common divisor of 22755 and 1230.
615
What is the highest common divisor of 840 and 7455?
105
What is the greatest common divisor of 4902 and 2322?
258
Calculate the greatest common factor of 114437 and 7291.
317
Calculate the greatest common divisor of 20 and 1961930.
10
Calculate the highest common divisor of 6272 and 245.
49
What is the highest common divisor of 1890 and 36225?
315
What is the greatest common divisor of 38 and 206?
2
What is the greatest common factor of 135 and 92160?
45
What is the highest common factor of 5192 and 487399?
649
What is the highest common divisor of 456 and 63270?
114
Calculate the highest common factor of 364560 and 837.
93
Calculate the greatest common factor of 290 and 458084.
58
What is the highest common divisor of 34037 and 2323?
101
Calculate the highest common divisor of 704318 and 1266.
422
Calculate the highest common factor of 170 and 42976.
34
Calculate the greatest common factor of 891105 and 30.
15
What is the highest common factor of 159370 and 270?
10
What is the highest common factor of 4708 and 987503?
1177
What is the highest common factor of 164 and 899417?
41
Calculate the greatest common divisor of 196 and 1885618.
98
Calculate the highest common factor of 323483 and 671.
61
Calculate the highest common factor of 112 and 393456.
112
What is the greatest common factor of 141309 and 63?
63
Calculate the highest common factor of 23628 and 154.
22
What is the greatest common factor of 891 and 451?
11
What is the greatest common divisor of 16473 and 2703?
51
What is the greatest common factor of 7735 and 731?
17
Calculate the highest common divisor of 4320 and 41600.
160
Calculate the highest common divisor of 90 and 17210.
10
What is the greatest common divisor of 10968430 and 110?
110
Calculate the highest common factor of 14 and 276010.
14
Calculate the greatest common factor of 3232 and 12827.
101
Calculate the greatest common factor of 22317 and 8477.
173
What is the greatest common factor of 4708000 and 704?
352
What is the highest common divisor of 825 and 44220?
165
What is the highest common divisor of 1407 and 9219?
21
What is the highest common divisor of 14399 and 34?
17
Calculate the highest common divisor of 2108638 and 84.
14
What is the highest common factor of 893 and 5593?
47
Calculate the greatest common factor of 52365 and 395.
5
What is the highest common factor of 159 and 1291557?
159
What is the greatest common factor of 146325 and 300?
75
What is the highest common factor of 228774 and 546?
546
What is the highest common factor of 315 and 415485?
315
What is the greatest common factor of 26 and 22867?
13
What is the highest common factor of 24606 and 144?
18
What is the greatest common factor of 45741 and 9264?
579
What is the highest common divisor of 108276 and 189?
21
What is the greatest common divisor of 1880 and 1160?
40
What is the greatest common factor of 28684 and 426?
142
What is the greatest common divisor of 33 and 38643?
33
What is the greatest common divisor of 28156 and 20?
4
What is the highest common factor of 86634 and 330?
6
What is the greatest common divisor of 11969 and 1?
1
What is the highest common factor of 735 and 1005?
15
What is the highest common factor of 3375 and 29700?
675
What is the highest common divisor of 175 and 3890?
5
Calculate the greatest common divisor of 2 and 50129.
1
What is the highest common factor of 57350 and 11840?
370
Calculate the highest common factor of 836142 and 115.
23
Calculate the greatest common divisor of 8580 and 318.
6
Calculate the greatest common divisor of 5232 and 2256.
48
Calculate the greatest common factor of 65 and 11455.
5
Calculate the highest common divisor of 23 and 1684083.
23
What is the greatest common divisor of 2238 and 27?
3
What is the greatest common factor of 3360 and 1020?
60
What is the greatest common divisor of 296077 and 114?
19
What is the greatest common divisor of 6392 and 68952?
136
Calculate the greatest common divisor of 38478 and 3872.
242
Calculate the greatest common divisor of 414400 and 4800.
1600
What is the highest common divisor of 50 and 3790?
10
Calculate the greatest common divisor of 4236 and 204.
12
Calculate the highest common divisor of 3397 and 4429.
43
What is the highest common factor of 80 and 495960?
40
What is the highest common factor of 6283 and 122?
61
Calculate the highest common divisor of 1030670 and 20.
10
Calculate the highest common factor of 107688 and 1272.
24
Calculate the greatest common divisor of 10004 and 656.
164
What is the highest common factor of 394 and 62449?
197
What is the greatest common factor of 12054 and 377790?
294
What is the highest common factor of 34 and 1180888?
34
Calculate the greatest common divisor of 31535 and 36295.
595
What is the greatest common factor of 532749 and 105?
21
What is the highest common factor of 312 and 368?
8
What is the highest common divisor of 141 and 606441?
141
What is the highest common divisor of 298652 and 22852?
788
What is the highest common divisor of 120442 and 98?
98
Calculate the highest common factor of 31360 and 147.
49
Calculate the greatest common factor of 1300 and 4700.
100
Calculate the highest common divisor of 2734 and 20469458.
2734
What is the greatest common divisor of 355143 and 138?
69
What is the greatest common divisor of 60613 and 98?
49
Calculate the greatest common factor of 93996 and 8316.
252
What is the highest common divisor of 4 and 208118?
2
Calculate the greatest common factor of 19179 and 756.
9
What is the highest common factor of 124554 and 6?
6
What is the greatest common factor of 270 and 359586?
54
What is the greatest common factor of 213 and 318?
3
What is the greatest common divisor of 800 and 20924?
4
What is the highest common factor of 358 and 6086?
358
What is the highest common factor of 8 and 71464?
8
What is the greatest common divisor of 1165033 and 515?
103
Calculate the highest common factor of 2 and 193774.
2
What is the greatest common divisor of 3520 and 135872?
704
Calculate the greatest common factor of 185415 and 5640.
705
What is the greatest common factor of 96073 and 1006?
503
What is the greatest common divisor of 5528 and 8936?
8
Calculate the greatest common divisor of 592 and 1924592.
592
What is the highest common factor of 333 and 2763?
9
What is the highest comm